437 composite?
False
Is 37046 prime?
False
Is 15727 composite?
False
Is 4271 a prime number?
True
Is 181967 composite?
False
Is 111613 a prime number?
False
Is 31133 a composite number?
True
Is 17221 a prime number?
False
Is 43637 composite?
True
Is 114157 a composite number?
False
Is 1639 a composite number?
True
Is 138239 a prime number?
True
Is 95701 composite?
False
Is 2833 composite?
False
Is 149921 a composite number?
False
Is 3385 a prime number?
False
Is 93719 a prime number?
True
Is 107377 composite?
False
Is 815 a composite number?
True
Is 3407 composite?
False
Is 2581 a prime number?
False
Is 821741 a prime number?
True
Is 28603 a composite number?
False
Is 115151 composite?
False
Is 6163 prime?
True
Is 1047419 a prime number?
True
Is 2459 a prime number?
True
Is 309623 prime?
True
Is 249173 a composite number?
True
Is 87071 a composite number?
False
Is 13033 prime?
True
Is 14489 composite?
False
Is 1991 a composite number?
True
Is 687381 a composite number?
True
Is 143177 composite?
False
Is 23623 composite?
False
Is 1977 a prime number?
False
Is 1269965 a composite number?
True
Is 41333 a composite number?
False
Is 526873 composite?
True
Is 3457 a composite number?
False
Is 4195 a composite number?
True
Is 28349 a prime number?
True
Is 1309643 composite?
True
Is 238043 prime?
False
Is 126271 a composite number?
False
Is 45307 a composite number?
False
Is 6163 a prime number?
True
Is 15935 a prime number?
False
Is 360541 a prime number?
True
Is 11183 a prime number?
False
Is 2819 composite?
False
Is 362521 a prime number?
True
Is 6353 a prime number?
True
Is 4253 prime?
True
Is 12311 prime?
False
Is 217837 a composite number?
True
Is 45377 prime?
True
Is 937 a composite number?
False
Is 45509 a composite number?
True
Is 53983 prime?
False
Is 411337 a composite number?
False
Is 139393 a prime number?
True
Is 848051 a prime number?
True
Is 408259 prime?
False
Is 337 prime?
True
Is 96137 a prime number?
True
Is 461918 a composite number?
True
Is 11957 a prime number?
False
Is 50539 a prime number?
True
Is 827213 a prime number?
True
Is 2188077 a prime number?
False
Is 1669301 a composite number?
False
Is 6537 composite?
True
Is 692069 prime?
False
Is 61621 prime?
False
Is 371435 a prime number?
False
Is 7251 composite?
True
Is 6646 a composite number?
True
Is 931495 a prime number?
False
Is 18191 a composite number?
False
Is 820607 prime?
False
Is 44057 composite?
True
Is 7617 prime?
False
Is 4863 a prime number?
False
Is 182123 prime?
True
Is 211 a prime number?
True
Is 8219 a composite number?
False
Is 79 a prime number?
True
Is 107857 a prime number?
True
Is 27329 a prime number?
True
Is 1175909 composite?
True
Is 47927 a prime number?
False
Is 3037 a prime number?
True
Is 53563 a prime number?
False
Is 167083 prime?
False
Is 269473 composite?
False
Is 23277 a prime number?
False
Is 3683 composite?
True
Is 9311 composite?
False
Is 199 a prime number?
True
Is 4666 a prime number?
False
Is 315539 composite?
True
Is 22613 composite?
False
Is 3639 prime?
False
Is 26031 a prime number?
False
Is 48497 composite?
False
Is 29366 a composite number?
True
Is 19641 prime?
False
Is 7417 composite?
False
Is 69297 a prime number?
False
Is 7169 composite?
True
Is 547321 composite?
False
Is 6033 a prime number?
False
Is 1881047 a composite number?
True
Is 140249 prime?
True
Is 1126139 prime?
False
Is 293947 a prime number?
False
Is 1085529 prime?
False
Is 1397 composite?
True
Is 51877 a composite number?
True
Is 371593 a prime number?
False
Is 269194 composite?
True
Is 198299 composite?
True
Is 2939 a prime number?
True
Is 421493 composite?
False
Is 43889 a composite number?
False
Is 2026 a composite number?
True
Is 441946 prime?
False
Is 1093777 composite?
False
Is 127997 composite?
False
Is 34663 composite?
True
Is 1709 a prime number?
True
Is 317771 a composite number?
False
Is 3748431 prime?
False
Is 251 a composite number?
False
Is 38474 prime?
False
Is 1366813 prime?
False
Is 10651 a prime number?
True
Is 45569 a composite number?
False
Is 4405 composite?
True
Is 150139 composite?
True
Is 325297 prime?
False
Is 111759 a composite number?
True
Is 15727 a composite number?
False
Is 11131 a composite number?
False
Is 393451 composite?
False
Is 65883 a composite number?
True
Is 57029 a composite number?
True
Is 38167 composite?
False
Is 29901 prime?
False
Is 1032583 a prime number?
True
Is 4269 a composite number?
True
Is 166055 a composite number?
True
Is 464687 prime?
True
Is 647219 composite?
False
Is 7418 composite?
True
Is 45599 a composite number?
False
Is 82371 composite?
True
Is 395909 composite?
False
Is 204515 a prime number?
False
Is 17257 a prime number?
True
Is 10033 composite?
True
Is 321007 a prime number?
True
Is 135319 composite?
False
Is 14047 prime?
False
Is 3271 prime?
True
Is 219149 composite?
True
Is 766967 composite?
False
Is 181679 a composite number?
True
Is 7883 prime?
True
Is 402691 prime?
True
Is 6197 composite?
False
Is 892651 a prime number?
False
Is 17462 composite?
True
Is 105491 prime?
True
Is 1931 a composite number?
False
Is 756065 a prime number?
False
Is 2040673 composite?
True
Is 81817 a prime number?
True
Is 14137 prime?
False
Is 853007 composite?
False
Is 97 a prime number?
True
Is 537941 a prime number?
True
Is 20266 composite?
True
Is 336949 composite?
True
Is 38107 a prime number?
False
Is 12361 composite?
True
Is 3799 composite?
True
Is 97519 a composite number?
True
Is 1411369 prime?
True
Is 72251 prime?
True
Is 7009 composite?
True
Is 10369 a prime number?
True
Is 1481 a composite number?
False
Is 18463 composite?
True
Is 112513 prime?
False
Is 7963 a composite number?
False
Is 25611 prime?
False
Is 28757 composite?
True
Is 156217 a prime number?
True
Is 16726 a prime number?
False
Is 125777 a composite number?
False
Is 16033 a prime number?
True
Is 227294 prime?
False
Is 123 composite?
True
Is 15017 prime?
True
Is 8149 a prime number?
False
Is 81961 a composite number?
True
Is 1077 a composite number?
True
Is 3935351 composite?
True
Is 13979 a composite number?
True
Is 38371 a prime number?
True
Is 252089 a composite number?
True
Is 3163 a prime number?
True
Is 5273 prime?
True
Is 16963 prime?
True
Is 49349 prime?
False
Is 3848243 a composite number?
True
Is 309469 composite?
False
Is 30437 a prime number?
False
Is 20455 prime?
False
Is 7379 a prime number?
False
Is 821 composite?
False
Is 997771 a prime number?
False
Is 30971 composite?
False
Is 1039 a composite number?
False
Is 31177 a composite number?
False
Is 11957 composite?
True
Is 21377 composite?
False
Is 2559 prime?
False
Is 15661 a composite number?
False
Is 731455 a prime number?
False
Is 114943 a prime number?
False
Is 46807 prime?
True
Is 13682 prime?
False
Is 6323 a prime number?
True
Is 60241 a prime number?
False
Is 256273 composite?
True
Is 3139 a composite number?
True
Is 8003 a composite number?
True
Is 117701 prime?
True
Is 431329 a prime number?
True
Is 9733 a prime number?
True
Is 25549 a prime number?
False
Is 25057 a prime number?
True
Is 3365 a composite number?
True
Is 1845539 a prime number?
True
Is 13543 composite?
True
Is 6373 composite?
False
Is 31877 a composite number?
True
Is 1397 a prime number?
False
Is 103913 a prime number?
True
Is 66919 prime?
True
Is 1506595 a prime number?
False
Is 5371 a composite number?
True
Is 1358171 a composite number?
False
Is 129209 a prime number?
True
Is 1123051 prime?
True
Is 30029 a prime number?
True
Is 1286177 a composite number?
False
Is 5351 composite?
False
Is 18169 a prime number?
True
Is 30781 composite?
False
Is 25841 composite?
False
Is 3593 composite?
False
Is 357533 prime?
False
Is 22045 composite?
True
Is 10239 a prime number?
False
Is 40195 a composite number?
True
Is 269517 prime?
False
Is 179 composite?
False
Is 757766 prime?
False
Is 9127 a composite number?
False
Is 1777619 prime?
False
Is 19001 a prime number?
True
Is 359041 a prime number?
True
Is 1675421 a prime number?
False
Is 37798 a prime number?
False
Is 3251 composite?
False
Is 135455 a prime number?
False
Is 258943 composite?
True
Is 2173 a prime number?
False
Is 106523 prime?
False
Is 113759 a prime number?
True
Is 246439 a prime number?
True
Is 26453 a composite number?
True
Is 14923 prime?
True
I